
{"id":968,"date":"2015-11-28T11:35:51","date_gmt":"2015-11-28T10:35:51","guid":{"rendered":"http:\/\/www.krichbaum.at\/?page_id=968"},"modified":"2015-12-01T11:31:52","modified_gmt":"2015-12-01T10:31:52","slug":"impressum","status":"publish","type":"page","link":"http:\/\/www.krichbaum.at\/?page_id=968","title":{"rendered":"Impressum"},"content":{"rendered":"<h1>Impressum<\/h1>\n<h5>Inhalt der Website<\/h5>\n<p>Pr\u00e4sentation des K\u00fcnstlers Josef Florian Krichbaum<br \/>\nIrrt\u00fcmer und \u00c4nderungen vorbehalten.<\/p>\n<h5>F\u00fcr den Inhalt verantwortlich<\/h5>\n<p>Josef Florian Krichbaum<br \/>\n<a href=\"http:\/\/www.krichbaum.at\/?page_id=23\">KONTAKT<\/a><\/p>\n<h5><\/h5>\n<h5>Copyright<\/h5>\n<p>S\u00e4mtliche Texte, Fotos und Grafiken unterliegen dem Urheberrecht. Ver\u00f6ffentlichungen, auch auszugsweise, sind ohne ausdr\u00fcckliche Genehmigung nicht gestattet. Ausgenommen sind Texte und Fotos, die zum Download oder Ausdruck angeboten werden.<br \/>\nAlle Rechte vorbehalten.<br \/>\nJ.F. Krichbaum ist Mitglied bei: <a href=\"http:\/\/www.bildrecht.at\" target=\"_blank\">www.bildrecht.at<\/a><\/p>\n<h5><\/h5>\n<h5>Externe Links<\/h5>\n<p>Die Webseite enth\u00e4lt sog. \u201eexterne Links\u201c (Verlinkungen) zu anderen Websites, auf deren Inhalt Josef Florian Krichbaum keinen Einfluss hat. Aus diesem Grund wird f\u00fcr diese Inhalte von Seiten JF Krichbaum auch keine Gew\u00e4hr \u00fcbernommen.<br \/>\nF\u00fcr die Inhalte und Richtigkeit der bereitgestellten Informationen ist der jeweilige Anbieter der verlinkten Webseite verantwortlich. Zum Zeitpunkt der Verlinkung waren keine Rechtsverst\u00f6\u00dfe erkennbar. Bei Bekanntwerden einer solchen Rechtsverletzung wird der Link umgehend entfernt.<\/p>\n","protected":false},"excerpt":{"rendered":"","protected":false},"author":1,"featured_media":0,"parent":23,"menu_order":0,"comment_status":"closed","ping_status":"closed","template":"","meta":{"ngg_post_thumbnail":0},"yoast_head":"<!-- This site is optimized with the Yoast SEO plugin v17.2 - https:\/\/yoast.com\/wordpress\/plugins\/seo\/ -->\n<meta name=\"robots\" content=\"index, follow, max-snippet:-1, max-image-preview:large, max-video-preview:-1\" \/>\n<link rel=\"canonical\" href=\"http:\/\/www.krichbaum.at\/?page_id=968\" \/>\n<meta property=\"og:locale\" content=\"de_DE\" \/>\n<meta property=\"og:type\" content=\"article\" \/>\n<meta property=\"og:title\" content=\"Impressum - Josef Florian Krichbaum\" \/>\n<meta property=\"og:url\" content=\"http:\/\/www.krichbaum.at\/?page_id=968\" \/>\n<meta property=\"og:site_name\" content=\"Josef Florian Krichbaum\" \/>\n<meta property=\"article:modified_time\" content=\"2015-12-01T10:31:52+00:00\" \/>\n<meta name=\"twitter:card\" content=\"summary\" \/>\n<meta name=\"twitter:label1\" content=\"Gesch\u00e4tzte Lesezeit\" \/>\n\t<meta name=\"twitter:data1\" content=\"1 Minute\" \/>\n<script type=\"application\/ld+json\" class=\"yoast-schema-graph\">{\"@context\":\"https:\/\/schema.org\",\"@graph\":[{\"@type\":\"WebSite\",\"@id\":\"https:\/\/www.krichbaum.at\/#website\",\"url\":\"https:\/\/www.krichbaum.at\/\",\"name\":\"Josef Florian Krichbaum\",\"description\":\"Malerei | Painting and Drawing\",\"potentialAction\":[{\"@type\":\"SearchAction\",\"target\":{\"@type\":\"EntryPoint\",\"urlTemplate\":\"https:\/\/www.krichbaum.at\/?s={search_term_string}\"},\"query-input\":\"required name=search_term_string\"}],\"inLanguage\":\"de-DE\"},{\"@type\":\"WebPage\",\"@id\":\"http:\/\/www.krichbaum.at\/?page_id=968#webpage\",\"url\":\"http:\/\/www.krichbaum.at\/?page_id=968\",\"name\":\"Impressum - Josef Florian Krichbaum\",\"isPartOf\":{\"@id\":\"https:\/\/www.krichbaum.at\/#website\"},\"datePublished\":\"2015-11-28T10:35:51+00:00\",\"dateModified\":\"2015-12-01T10:31:52+00:00\",\"breadcrumb\":{\"@id\":\"http:\/\/www.krichbaum.at\/?page_id=968#breadcrumb\"},\"inLanguage\":\"de-DE\",\"potentialAction\":[{\"@type\":\"ReadAction\",\"target\":[\"http:\/\/www.krichbaum.at\/?page_id=968\"]}]},{\"@type\":\"BreadcrumbList\",\"@id\":\"http:\/\/www.krichbaum.at\/?page_id=968#breadcrumb\",\"itemListElement\":[{\"@type\":\"ListItem\",\"position\":1,\"name\":\"Home\",\"item\":\"https:\/\/www.krichbaum.at\/\"},{\"@type\":\"ListItem\",\"position\":2,\"name\":\"Kontakt\",\"item\":\"http:\/\/www.krichbaum.at\/?page_id=23\"},{\"@type\":\"ListItem\",\"position\":3,\"name\":\"Impressum\"}]}]}<\/script>\n<!-- \/ Yoast SEO plugin. -->","yoast_head_json":{"robots":{"index":"index","follow":"follow","max-snippet":"max-snippet:-1","max-image-preview":"max-image-preview:large","max-video-preview":"max-video-preview:-1"},"canonical":"http:\/\/www.krichbaum.at\/?page_id=968","og_locale":"de_DE","og_type":"article","og_title":"Impressum - Josef Florian Krichbaum","og_url":"http:\/\/www.krichbaum.at\/?page_id=968","og_site_name":"Josef Florian Krichbaum","article_modified_time":"2015-12-01T10:31:52+00:00","twitter_card":"summary","twitter_misc":{"Gesch\u00e4tzte Lesezeit":"1 Minute"},"schema":{"@context":"https:\/\/schema.org","@graph":[{"@type":"WebSite","@id":"https:\/\/www.krichbaum.at\/#website","url":"https:\/\/www.krichbaum.at\/","name":"Josef Florian Krichbaum","description":"Malerei | Painting and Drawing","potentialAction":[{"@type":"SearchAction","target":{"@type":"EntryPoint","urlTemplate":"https:\/\/www.krichbaum.at\/?s={search_term_string}"},"query-input":"required name=search_term_string"}],"inLanguage":"de-DE"},{"@type":"WebPage","@id":"http:\/\/www.krichbaum.at\/?page_id=968#webpage","url":"http:\/\/www.krichbaum.at\/?page_id=968","name":"Impressum - Josef Florian Krichbaum","isPartOf":{"@id":"https:\/\/www.krichbaum.at\/#website"},"datePublished":"2015-11-28T10:35:51+00:00","dateModified":"2015-12-01T10:31:52+00:00","breadcrumb":{"@id":"http:\/\/www.krichbaum.at\/?page_id=968#breadcrumb"},"inLanguage":"de-DE","potentialAction":[{"@type":"ReadAction","target":["http:\/\/www.krichbaum.at\/?page_id=968"]}]},{"@type":"BreadcrumbList","@id":"http:\/\/www.krichbaum.at\/?page_id=968#breadcrumb","itemListElement":[{"@type":"ListItem","position":1,"name":"Home","item":"https:\/\/www.krichbaum.at\/"},{"@type":"ListItem","position":2,"name":"Kontakt","item":"http:\/\/www.krichbaum.at\/?page_id=23"},{"@type":"ListItem","position":3,"name":"Impressum"}]}]}},"_links":{"self":[{"href":"http:\/\/www.krichbaum.at\/index.php?rest_route=\/wp\/v2\/pages\/968"}],"collection":[{"href":"http:\/\/www.krichbaum.at\/index.php?rest_route=\/wp\/v2\/pages"}],"about":[{"href":"http:\/\/www.krichbaum.at\/index.php?rest_route=\/wp\/v2\/types\/page"}],"author":[{"embeddable":true,"href":"http:\/\/www.krichbaum.at\/index.php?rest_route=\/wp\/v2\/users\/1"}],"replies":[{"embeddable":true,"href":"http:\/\/www.krichbaum.at\/index.php?rest_route=%2Fwp%2Fv2%2Fcomments&post=968"}],"version-history":[{"count":4,"href":"http:\/\/www.krichbaum.at\/index.php?rest_route=\/wp\/v2\/pages\/968\/revisions"}],"predecessor-version":[{"id":996,"href":"http:\/\/www.krichbaum.at\/index.php?rest_route=\/wp\/v2\/pages\/968\/revisions\/996"}],"up":[{"embeddable":true,"href":"http:\/\/www.krichbaum.at\/index.php?rest_route=\/wp\/v2\/pages\/23"}],"wp:attachment":[{"href":"http:\/\/www.krichbaum.at\/index.php?rest_route=%2Fwp%2Fv2%2Fmedia&parent=968"}],"curies":[{"name":"wp","href":"https:\/\/api.w.org\/{rel}","templated":true}]}}